{"id":2,"date":"2022-05-08T19:16:23","date_gmt":"2022-05-08T17:16:23","guid":{"rendered":"https:\/\/promethee-partners.com\/?page_id=2"},"modified":"2023-04-04T17:39:43","modified_gmt":"2023-04-04T15:39:43","slug":"page-d-exemple","status":"publish","type":"page","link":"https:\/\/promethee-partners.com\/","title":{"rendered":"Prom\u00e9th\u00e9e Partners"},"content":{"rendered":"\n<h2 class=\"wp-block-heading\">Le mythe de Prom\u00e9th\u00e9e<\/h2>\n\n\n\n<div class=\"wp-block-columns is-layout-flex wp-container-core-columns-layout-2 wp-block-columns-is-layout-flex\">\n<div class=\"wp-block-column is-layout-flow wp-block-column-is-layout-flow\" style=\"flex-basis:100%\">\n<div class=\"wp-block-columns is-layout-flex wp-container-core-columns-layout-1 wp-block-columns-is-layout-flex\">\n<div class=\"wp-block-column is-layout-flow wp-block-column-is-layout-flow\">\n<p>Prom\u00e9th\u00e9e, d\u00e9robant l&rsquo;\u00e9tincelle du feu sacr\u00e9 de l&rsquo;Olympe au Soleil pour l&rsquo;offrir aux mortels, subit la vengeance de Zeus.<\/p>\n\n\n\n<p>Il sera encha\u00een\u00e9 au mont Caucase et son foie, r\u00e9g\u00e9n\u00e9r\u00e9 chaque jour, sera inlassablement d\u00e9vor\u00e9 par un aigle.<\/p>\n\n\n\n<p>Il sera lib\u00e9r\u00e9 en livrant \u00e0 Zeus le secret qui lui permettra de briser le cycle des parricides de sa lign\u00e9e.<\/p>\n<\/div>\n\n\n\n<div class=\"wp-block-column is-layout-flow wp-block-column-is-layout-flow\">\n<p>En offrant le feu aux hommes, Prom\u00e9th\u00e9e leur en transmet les bienfaits qui permettent l&rsquo;\u00e9panouissement des corps et de la conscience.<\/p>\n\n\n\n<p>Il leur offre \u00e9galement une inspiration \u00e0 se d\u00e9passer, \u00e0 transgresser les limites \u00e9tablies pour am\u00e9liorer son sort, \u00e0 supporter le ch\u00e2timent avec la confiance de celui qui sait pouvoir s&rsquo;en lib\u00e9rer.<\/p>\n<\/div>\n<\/div>\n<\/div>\n<\/div>\n\n\n\n<pre class=\"wp-block-verse\"><strong>Prom\u00e9th\u00e9e Partners vous propose une gestion RH \u00e9clair\u00e9e, un esprit critique pour s'affranchir de ses faiblesses et assurer un d\u00e9veloppement robuste et durable.<\/strong><\/pre>\n","protected":false},"excerpt":{"rendered":"<p>Le mythe de Prom\u00e9th\u00e9e Prom\u00e9th\u00e9e, d\u00e9robant l&rsquo;\u00e9tincelle du feu sacr\u00e9 de l&rsquo;Olympe au Soleil pour l&rsquo;offrir aux mortels, subit la vengeance de Zeus. Il sera encha\u00een\u00e9 au mont Caucase et son foie, r\u00e9g\u00e9n\u00e9r\u00e9 chaque jour, sera inlassablement d\u00e9vor\u00e9 par un aigle. Il sera lib\u00e9r\u00e9 en livrant \u00e0 Zeus le secret qui lui permettra de briser &hellip; <a href=\"https:\/\/promethee-partners.com\/\" class=\"more-link\">Continuer la lecture<span class=\"screen-reader-text\"> de &laquo;&nbsp;Prom\u00e9th\u00e9e Partners&nbsp;&raquo;<\/span><\/a><\/p>\n","protected":false},"author":1,"featured_media":0,"parent":0,"menu_order":0,"comment_status":"closed","ping_status":"open","template":"","meta":{"footnotes":""},"_links":{"self":[{"href":"https:\/\/promethee-partners.com\/index.php\/wp-json\/wp\/v2\/pages\/2"}],"collection":[{"href":"https:\/\/promethee-partners.com\/index.php\/wp-json\/wp\/v2\/pages"}],"about":[{"href":"https:\/\/promethee-partners.com\/index.php\/wp-json\/wp\/v2\/types\/page"}],"author":[{"embeddable":true,"href":"https:\/\/promethee-partners.com\/index.php\/wp-json\/wp\/v2\/users\/1"}],"replies":[{"embeddable":true,"href":"https:\/\/promethee-partners.com\/index.php\/wp-json\/wp\/v2\/comments?post=2"}],"version-history":[{"count":12,"href":"https:\/\/promethee-partners.com\/index.php\/wp-json\/wp\/v2\/pages\/2\/revisions"}],"predecessor-version":[{"id":175,"href":"https:\/\/promethee-partners.com\/index.php\/wp-json\/wp\/v2\/pages\/2\/revisions\/175"}],"wp:attachment":[{"href":"https:\/\/promethee-partners.com\/index.php\/wp-json\/wp\/v2\/media?parent=2"}],"curies":[{"name":"wp","href":"https:\/\/api.w.org\/{rel}","templated":true}]}}